 8?
25
What is 11 (base 6) in base 5?
12
Convert -550 (base 6) to base 4.
-3102
3a (base 13) to base 2
110001
0 (base 11) to base 4
0
What is 101 (base 3) in base 9?
11
What is 377 (base 9) in base 15?
15d
What is 154 (base 11) in base 6?
500
Convert 57 (base 16) to base 6.
223
What is -67 (base 9) in base 2?
-111101
Convert 1002 (base 3) to base 6.
45
Convert -311 (base 5) to base 9.
-100
Convert 67 (base 9) to base 14.
45
212 (base 5) to base 16
39
Convert 3 (base 9) to base 6.
3
Convert -7 (base 16) to base 14.
-7
What is 1022 (base 4) in base 6?
202
1 (base 14) to base 4
1
What is 10 (base 13) in base 8?
15
233 (base 10) to base 12
175
What is 2 (base 14) in base 12?
2
What is 101011 (base 2) in base 13?
34
3 (base 7) to base 8
3
-82 (base 10) to base 15
-57
What is -12 (base 4) in base 5?
-11
-22 (base 3) to base 14
-8
What is -2 (base 6) in base 12?
-2
11 (base 4) to base 14
5
Convert -220 (base 5) to base 11.
-55
Convert -1001 (base 7) to base 13.
-206
-1 (base 15) to base 7
-1
What is 10 (base 3) in base 16?
3
What is -4 (base 6) in base 3?
-11
What is d (base 15) in base 8?
15
Convert -3 (base 6) to base 12.
-3
Convert -3 (base 4) to base 6.
-3
Convert -3e (base 15) to base 4.
-323
What is -5 (base 6) in base 9?
-5
Convert 11 (base 3) to base 11.
4
What is 4 (base 7) in base 16?
4
Convert 2020 (base 3) to base 6.
140
3 (base 9) to base 8
3
What is 13 (base 8) in base 11?
10
What is -1 (base 5) in base 13?
-1
What is 112 (base 10) in base 6?
304
What is 10022 (base 3) in base 11?
81
Convert 26 (base 12) to base 7.
42
What is -4 (base 8) in base 16?
-4
Convert 221 (base 3) to base 7.
34
What is -4 (base 16) in base 2?
-100
What is -a (base 13) in base 14?
-a
-10 (base 2) to base 8
-2
What is 14 (base 14) in base 9?
20
5 (base 9) to base 2
101
Convert -125 (base 6) to base 4.
-311
What is -110101 (base 2) in base 7?
-104
What is -10 (base 3) in base 11?
-3
What is 36 (base 13) in base 3?
1200
What is 11 (base 15) in base 9?
17
What is -78 (base 9) in base 13?
-56
What is 1 (base 14) in base 15?
1
Convert -1 (base 2) to base 16.
-1
-4 (base 5) to base 6
-4
120 (base 3) to base 6
23
Convert -151 (base 9) to base 13.
-9a
What is 3 (base 14) in base 12?
3
What is 3 (base 15) in base 11?
3
Convert 43 (base 8) to base 12.
2b
-201 (base 7) to base 12
-83
What is -1000 (base 2) in base 3?
-22
Convert -1322 (base 5) to base 4.
-3110
Convert -20 (base 5) to base 15.
-a
What is -c (base 16) in base 11?
-11
Convert 244 (base 8) to base 7.
323
-7a (base 14) to base 16
-6c
1 (base 16) to base 4
1
What is -3 (base 4) in base 13?
-3
What is 19 (base 12) in base 10?
21
8 (base 13) to base 9
8
What is -e (base 16) in base 12?
-12
-23 (base 12) to base 8
-33
Convert 21 (base 5) to base 13.
b
Convert 3 (base 10) to base 9.
3
What is 1a2 (base 13) in base 7?
610
8 (base 15) to base 7
11
Convert 400 (base 6) to base 7.
264
Convert -1153 (base 6) to base 16.
-11d
What is -3 (base 5) in base 3?
-10
What is 1021 (base 3) in base 13?
28
23 (base 9) to base 13
18
Convert 14b (base 13) to base 6.
1024
10 (base 15) to base 7
21
Convert 26 (base 7) to base 3.
202
What is -8 (base 15) in base 5?
-13
Convert -2120 (base 3) to base 14.
-4d
Convert 2143 (base 5) to base 14.
174
What is 2012 (base 3) in base 5?
214
-5 (base 16) to base 9
-5
What is -3 (base 9) in base 11?
-3
Convert 11 (base 5) to base 4.
12
What is -1 (base 2) in base 8?
-1
Convert -2 (base 10) to base 6.
-2
Convert -40 (base 8) to base 3.
-1012
4 (base 6) to base 16
4
What is -152 (base 6) in base 13?
-53
Convert -1 (base 6) to base 4.
-1
Convert 2 (base 11) to base 2.
10
0 (base 12) to base 4
0
What is -1101 (base 2) in base 3?
-111
Convert -23 (base 6) to base 14.
-11
What is -14 (base 8) in base 16?
-c
What is 26 (base 16) in base 8?
46
Convert -2e (base 16) to base 15.
-31
What is 0 (base 12) in base 10?
0
-156 (base 10) to base 3
-12210
Convert 3 (base 12) to base 2.
11
-c (base 14) to base 12
-10
5 (base 9) to base 5
10
What is -123 (base 5) in base 3?
-1102
-10 (base 16) to base 3
-121
Convert -3 (base 12) to base 16.
-3
Convert 527 (base 8) to base 9.
421
28 (base 15) to base 13
2c
Convert 201 (base 4) to base 11.
30
Convert 38 (base 9) to base 14.
27
-17 (base 9) to base 11
-15
Convert -1340 (base 5) to base 9.
-264
What is -14 (base 12) in base 9?
-17
Convert 163 (base 7) to base 12.
7a
1ba (base 13) to base 7
640
5 (base 13) to base 7
5
Convert -5 (base 10) to base 16.
-5
What is 5 (base 12) in base 8?
5
5 (base 7) to base 4
11
What is 2 (base 16) in base 13?
2
What is 2 (base 3) in base 6?
2
-7 (base 16) to base 8
-7
a (base 12) to base 6
14
-2 (base 3) to base 4
-2
200 (base 3) to base 7
24
Convert c0 (base 13) to base 7.
312
6 (base 7) to base 16
6
-1210 (base 6) to base 2
-100100110
Convert 35 (base 6) to base 13.
1a
Convert -4 (base 11) to base 3.
-11
What is 0 (base 7) in base 3?
0
What is 11100 (base 2) in base 10?
28
3 (base 9) to base 16
3
Convert 3 (base 8) to base 13.
3
What is 80 (base 12) in base 11?
88
What is 2 (base 3) in base 2?
10
Convert 11011 (base 2) to base 14.
1d
What is 12 (base 3) in base 6?
5
What is 8 (base 11) in base 15?
8
What is 178 (base 11) in base 8?
316
70 (base 14) to base 6
242
Convert -132 (base 4) to base 3.
-1010
-3 (base 15) to base 11
-3
23 (base 5) to base 11
12
Convert 12 (base 9) to base 8.
13
318 (base 9) to base 15
125
What is -3 (base 16) in base 11?
-3
What is -45 (base 6) in base 4?
-131
6 (base 10) to base 15
6
Convert 3032 (base 4) to base 14.
10a
104 (base 5) to base 12
25
What is 9c (base 14) in base 7?
255
What is 3 (base 4) in base 16?
3
Convert 10 (base 6) to base 4.
12
9 (base 11) to base 4
21
What is -3 (base 6) in base 7?
-3
What is 32 (base 7) in base 14?
19
What is 1 (base 8) in base 4?
1
Convert -80 (base 13) to base 15.
-6e
-4 (base 6) to base 5
-4
-4 (base 5) to base 2
-100
-40 (base 10) to base 8
-50
What is 2 (base 3) in base 2?
10
5 (base 15) to base 10
5
What is 0 (base 13) in base 15?
0
5 (base 6) to base 15
5
210 (base 10) to base 2
11010010
Convert -c (base 14) to base 12.
-10
What is 1 (base 7) in base 14?
1
-330 (base 5) to base 2
-1011010
18 (base 13) to base 4
111
What is 67 (base 8) in base 14?
3d
What is -1 (base 10) in base 6?
-1
3 (base 15) to base 13
3
What is 2 (base 8) in base 15?
2
Convert -124 (base 12) to base 9.
-211
What is 10 (base 6) in base 11?
6
What is 88 (base 11) in base 3?
10120
Convert 3 (base 8) to base 3.
10
Convert -3 (base 5) to base 10.
-3
Convert 1 (base 8) to base 10.
1
Convert 93 (base 14) to base 12.
a9
Convert 252 (base 7) to base 8.
207
Convert -1 (base 6) to base 16.
-1
Convert 37 (base 9) to base 12.
2a
Convert 1 (base 16) to base 12.
1
-160 (base 13) to base 4
-3313
22 (base 9) to base 10
20
What is -235 (base 7) in base 14?
-8c
What is -5 (base 10) in base 8?
-5
-10001011 (base 2) to base 5
-1024
What is 1 (base 4) in base 8?
1
Convert a (base 13) to base 14.
a
What is -182 (base 16) in base 5?
-3021
What is -2b (base 15) in base 16?
-29
What is -12 (base 16) in base 6?
-30
1e (base 16) to base 9
33
What is -301 (base 8) in base 4?
-3001
Convert -9 (base 14) to base 13.
-9
Convert -12 (base 5) to base 16.
-7
2 (base 4) to base 12
2
What is -14 (base 9) in base 4?
-31
Convert 0 (base 6) to base 8.
0
What is 10101 (base 2) in base 8?
25
Convert 96 (base 13) to base 6.
323
Convert 1 (base 2) to base 6.
1
11 (base 2) to base 6
3
-10 (base 3) to base 7
-3
What is 1 (base 16) in base 9?
1
-101 (base 2) to base 5
-10
-1001111 (base 2) to base 13
-61
What is 4 (base 6) in base 15?
4
What is 14 (base 15) in base 9?
21
What is -1 (base 6) in base 9?
-1
What is -5 (base 7) in base 13?
-5
Convert -1 (base 14) to base 10.
-1
525 (base 7) to base 8
410
Convert -15 (base 16) to base 13.
-18
-8 (base 11) to base 4
-20
What is -310 (base 4) in base 13?
-40
What is -3 (base 13) in base 2?
-11
-28 (base 13) to base 4
-202
-b0 (base 13) to base 2
-10001111
Convert -4 (base 7) to base 8.
-4
-85 (base 13) to base 8
-155
Convert 13 (base 16) to base 11.
18
What is 65 (base 9) in base 11?
54
What is a (base 13) in base 4?
22
Convert 20 (base 8) to base 14.
12
-4 (base 10) to base 2
-100
15 (base 10) to base 8
17
23 (base 7) to base 15
12
-11 (base 12) to base 8
-15
-6 (base 11) to base 14
-6
-1 (base 